361 prime?
True
Is 8803 a composite number?
False
Is 9091 prime?
True
Is 288291 a composite number?
True
Is 15539 a prime number?
False
Is 3163 a prime number?
True
Is 41443 prime?
True
Is 459581 prime?
False
Is 150827 a composite number?
False
Is 2767799 a composite number?
False
Is 2206559 composite?
False
Is 18839 prime?
True
Is 40219 prime?
False
Is 1379897 prime?
True
Is 12981 a prime number?
False
Is 15217 composite?
False
Is 21999 a prime number?
False
Is 676943 a prime number?
True
Is 147659 composite?
True
Is 1117 prime?
True
Is 397 a composite number?
False
Is 941 a composite number?
False
Is 1017161 prime?
False
Is 406717 a composite number?
False
Is 36538 a composite number?
True
Is 9199 a prime number?
True
Is 99377 composite?
False
Is 1272247 prime?
True
Is 738527 a prime number?
False
Is 203673 prime?
False
Is 4413 a prime number?
False
Is 9773 a prime number?
False
Is 55877 prime?
False
Is 491 prime?
True
Is 7390007 a prime number?
True
Is 11545 prime?
False
Is 102379 a composite number?
True
Is 23437 composite?
True
Is 416071 composite?
False
Is 20593 a prime number?
True
Is 35393 a prime number?
True
Is 751 a composite number?
False
Is 48949 a prime number?
False
Is 1571411 composite?
False
Is 24907 composite?
False
Is 29611 prime?
True
Is 160049 prime?
True
Is 3093 a prime number?
False
Is 19661 a composite number?
False
Is 18355 a composite number?
True
Is 1380149 composite?
False
Is 646027 composite?
False
Is 292427 prime?
True
Is 17011 a composite number?
False
Is 31991 a prime number?
True
Is 808493 composite?
True
Is 4054 a prime number?
False
Is 4861 composite?
False
Is 435221 a composite number?
False
Is 468005 composite?
True
Is 140059 composite?
True
Is 20017 composite?
True
Is 403597 prime?
False
Is 618077 a composite number?
True
Is 23263 a prime number?
False
Is 21553 prime?
False
Is 16963 composite?
False
Is 5969 prime?
False
Is 9803 prime?
True
Is 6491 prime?
True
Is 13649 a composite number?
False
Is 4391 composite?
False
Is 102919 prime?
False
Is 2479 a prime number?
False
Is 11791 composite?
True
Is 461711 a prime number?
False
Is 1191 a composite number?
True
Is 4285559 a prime number?
True
Is 17519 composite?
False
Is 14257 composite?
True
Is 22189 composite?
False
Is 12439 composite?
True
Is 30047 a composite number?
False
Is 66961 a prime number?
False
Is 19121 a composite number?
False
Is 20911 a composite number?
True
Is 7883 composite?
False
Is 4741 a prime number?
False
Is 59569 prime?
False
Is 912631 a composite number?
False
Is 669971 a prime number?
True
Is 156671 a composite number?
False
Is 40498 prime?
False
Is 128083 composite?
True
Is 15303 a prime number?
False
Is 11899 composite?
True
Is 361001 a composite number?
False
Is 53401 a composite number?
False
Is 15853 a prime number?
False
Is 152113 a composite number?
True
Is 5807 a composite number?
False
Is 47207 composite?
False
Is 39209 composite?
False
Is 27689 composite?
False
Is 23889 composite?
True
Is 19319 a prime number?
True
Is 36602 a prime number?
False
Is 1257853 prime?
True
Is 491461 a composite number?
False
Is 188977 prime?
False
Is 447215 a composite number?
True
Is 82631 a composite number?
True
Is 5227 a composite number?
False
Is 8287 a prime number?
True
Is 59341 prime?
True
Is 97943 composite?
False
Is 2167 composite?
True
Is 47597 a composite number?
True
Is 212029 prime?
True
Is 517 a composite number?
True
Is 389161 a prime number?
True
Is 23239 prime?
False
Is 383891 a prime number?
True
Is 43467 composite?
True
Is 12499 a prime number?
False
Is 23957 a prime number?
True
Is 3629 prime?
False
Is 17709 composite?
True
Is 321047 prime?
True
Is 75191 a prime number?
False
Is 17137 a prime number?
True
Is 39089 a prime number?
True
Is 497499 composite?
True
Is 210061 composite?
True
Is 21341 prime?
True
Is 765601 a composite number?
True
Is 32113 prime?
False
Is 34757 a prime number?
True
Is 9229 a composite number?
True
Is 1115987 a composite number?
False
Is 154109 composite?
True
Is 11383 a prime number?
True
Is 35761 composite?
True
Is 1256303 a prime number?
True
Is 2609 a prime number?
True
Is 21433 prime?
True
Is 65233 a composite number?
True
Is 28201 a prime number?
True
Is 19889 a prime number?
True
Is 350147 composite?
True
Is 12287 prime?
False
Is 642281 a composite number?
False
Is 1707866 prime?
False
Is 1325173 a prime number?
True
Is 4201 prime?
True
Is 1327501 prime?
False
Is 24169 composite?
False
Is 26539 a composite number?
False
Is 335354 prime?
False
Is 552095 prime?
False
Is 77986 prime?
False
Is 18599 a composite number?
True
Is 16871 prime?
True
Is 4224323 a composite number?
True
Is 3295779 a composite number?
True
Is 9589 a prime number?
False
Is 1527491 prime?
False
Is 6341 composite?
True
Is 1718845 prime?
False
Is 713 composite?
True
Is 249259 a prime number?
False
Is 95971 a prime number?
True
Is 19322 composite?
True
Is 136487 composite?
True
Is 15727 a prime number?
True
Is 1769 prime?
False
Is 1061 prime?
True
Is 5245 composite?
True
Is 16501 a prime number?
False
Is 1915 a prime number?
False
Is 24907 a prime number?
True
Is 735821 a composite number?
False
Is 1663649 composite?
True
Is 564551 composite?
True
Is 246409 a prime number?
False
Is 17327 a prime number?
True
Is 6193 a prime number?
False
Is 17311 a composite number?
True
Is 174793 a prime number?
False
Is 14281 a prime number?
True
Is 68863 prime?
True
Is 14903 a prime number?
False
Is 284389 composite?
True
Is 6389 prime?
True
Is 6107 prime?
False
Is 4073 composite?
False
Is 25577 composite?
False
Is 78783 a composite number?
True
Is 3615449 a prime number?
True
Is 530389 a composite number?
False
Is 22433 composite?
False
Is 1114 a composite number?
True
Is 109121 a prime number?
True
Is 20198 a composite number?
True
Is 937 prime?
True
Is 1157543 composite?
True
Is 21557 composite?
False
Is 1492211 a composite number?
True
Is 15127 a prime number?
False
Is 26837 a prime number?
False
Is 1781 a prime number?
False
Is 33247 a composite number?
False
Is 20279 a composite number?
True
Is 347969 composite?
False
Is 78209 prime?
False
Is 229213 a composite number?
False
Is 618799 a prime number?
True
Is 6319 composite?
True
Is 20021 a composite number?
False
Is 1459 prime?
True
Is 51589 prime?
False
Is 19715 composite?
True
Is 61781 a prime number?
True
Is 10589 prime?
True
Is 34171 a prime number?
True
Is 769 composite?
False
Is 61211 prime?
True
Is 8741 a composite number?
False
Is 274403 composite?
False
Is 107573 a prime number?
False
Is 4181 a composite number?
True
Is 362503 prime?
False
Is 3827 prime?
False
Is 8581 prime?
True
Is 672589 a composite number?
True
Is 16181 prime?
False
Is 4241 prime?
True
Is 14843 prime?
True
Is 28759 prime?
True
Is 3943 composite?
False
Is 4219 composite?
False
Is 47155 a composite number?
True
Is 1651 a prime number?
False
Is 39361 composite?
True
Is 81431 prime?
False
Is 489191 a composite number?
False
Is 8999 composite?
False
Is 17317 a composite number?
False
Is 1301995 a composite number?
True
Is 1871603 a composite number?
False
Is 18713 composite?
False
Is 789722 composite?
True
Is 214807 composite?
False
Is 1676911 a prime number?
True
Is 89189 prime?
True
Is 5173 a prime number?
False
Is 69257 a composite number?
False
Is 20489 a composite number?
True
Is 10007 composite?
False
Is 119837 composite?
True
Is 16327 prime?
False
Is 108263 prime?
True
Is 15427 a prime number?
True
Is 72799 composite?
True
Is 2129 composite?
False
Is 646705 a composite number?
True
Is 889 composite?
True
Is 33049 composite?
False
Is 250433 a prime number?
True
Is 38813 a prime number?
False
Is 125063 a prime number?
True
Is 174799 prime?
True
Is 128542 a composite number?
True
Is 27349 a prime number?
False
Is 12781 composite?
False
Is 615371 composite?
True
Is 2411 composite?
False
Is 86195 a composite number?
True
Is 6220781 prime?
False
Is 487423 prime?
True
Is 1451 composite?
False
Is 54869 a prime number?
True
Is 12323 prime?
True
Is 12607 composite?
True
Is 24595 composite?
True
Is 541129 a composite number?
False
Is 1820387 a prime number?
True
Is 1073 composite?
True
Is 360391 a composite number?
False
Is 1621 composite?
False
Is 90887 prime?
True
Is 92182 composite?
True
Is 1001911 a prim